(-53 + 92 + -54)
-5
What is -5 - (2 + 16 + -9 - (-9 + 9 + 15))?
1
Evaluate -44 + (255 - 200) - ((0 - -1) + 128).
-118
Calculate -33 + (33 - (-13 - -27)) + 11.
-3
(-104 - 7) + 32 + 2
-77
235 + -240 - (-16 + 23)
-12
What is 4 + -9 + 0 + 14 + (15 - -10)?
34
4 + (12 - (16 - (6 + 9)) - 5)
10
(-26 - ((-11 - -14) + -21) - -55) + (1 - -1)
49
What is 41 + -1 - (5 - (-22 + 2 + 16))?
31
31 - 57 - (-26 + 14) - 12
-26
What is the value of -182 + 144 - (12 + -2) - 19 - (4 - -9)?
-80
Calculate -9 + 5 - -1 - (3 + 5) - (-1 - 65).
55
What is -5 - -13 - (35 + -28)?
1
What is the value of (0 - 4) + 71 + -58?
9
-10 - ((-198 - -201) + 3 + 3 + -3 + 0)
-16
Calculate (5 - 111) + (-684 - -759).
-31
75 - (-58 - -93 - -5)
35
Evaluate 39 - 47 - (-36 + -1 + 0 + -1).
30
Evaluate 84 + -72 - (77 - (4 + (0 - -3))).
-58
What is -992 - -987 - (5 - (7 - (-2 - -6)) - 47)?
40
(81 - 46) + -20 + -48
-33
What is (-8 - (-6 + 0 + (22 - 2) + 1)) + 10?
-13
What is (-10 - (-8 + 5) - (2 + -10 + 13)) + 72?
60
Calculate (338 - 330) + 17 + -2 + -6.
17
What is 43 + -4 + (9 - -57 - 93) + (-65 - 1)?
-54
Evaluate -34 + -2 + 76 + -69.
-29
Calculate 20 + 5 + -15 + -4 + -1 + 10 + -37.
-22
Evaluate 5 + (-5 + -1 - 11 - (-3 + -8)).
-1
What is the value of 53 + -69 + 8 + -31?
-39
(-18 - 0) + (-331 - -335)
-14
What is the value of 15 - (-46 - (9 + -19 + 11))?
62
What is 41 + 3 + (9 - (10 - 1)) + -8 + -3?
33
What is the value of -26 + 68 + 52 + -33?
61
Calculate 0 + -68 - ((14 - 9) + 8 + 0).
-81
What is the value of 5 - ((1 - (-2 + 37 + 3)) + -1026 + 1024)?
44
-13 - 2 - (-2 - (12 + (-2 - 7)))
-10
What is (-6 - 1) + (16 - 16) - (-10 - (-11 + 13))?
5
What is 149 + (19 + -264 - -89)?
-7
What is the value of -26 - (-1 - -6 - (3 + 4 - (-7 + 6)))?
-23
Evaluate -82 - -78 - (5 + -1 - (41 - 10)).
23
What is the value of (9 + -21 - 19) + 13 + 3?
-15
What is -158 - (134 + -9 + -168)?
-115
Evaluate -3 - (17 + -33 + 12) - -14.
15
-7 + (7 - -23) - (-37 - -6)
54
((-19 - 6) + -7 - (3 - 1)) + -11
-45
-165 + 170 - ((3 - 1 - -65) + 2) - 11
-75
What is the value of 78 - (18 - 22) - 86?
-4
Evaluate 45 + (33 - (8 - 17)) + -18.
69
Evaluate (77 - 100) + 26 - (-1 + -6 + 2 + -7).
15
Evaluate 57 + -41 - (-26 - -1) - (-1 + -9).
51
(-18 - -28) + 55 + -22 - -19
62
What is the value of 1 + 4 + -18 + 23 + 1 - -75?
86
What is 5 - 38 - (41 - (89 + -52))?
-37
What is 41 + -21 + 13 - -9?
42
What is the value of 2 - 93 - (-5440 - -5339)?
10
What is -19 - -16 - -10 - 65?
-58
Calculate -70 + (-13 - -1) - (12 - 38).
-56
Calculate -92 + 10 - (143 + -181).
-44
2 + -18 - (-135 + (-14 - (-108 - -46)))
71
What is (-31 - 1) + 9 + 12 + -25 - 6?
-42
Evaluate (-5 - -22) + (66 - 69) - (2 - 10).
22
What is the value of 6 + -3 + 5 + -24 + (0 - 0 - -14)?
-2
Evaluate -139 + 162 + -1 + -1 + 15 + -6.
30
What is the value of 1 + -105 + -1679 + 1663 + (2 - -16 - 1)?
-103
-1 - -40 - (-51 + -5 + 52)
43
Calculate 0 - -44 - (-798 + 820) - -35.
57
What is the value of 36 - ((80 - -10) + (-103 - -108))?
-59
(3 - 35) + 45 + (-2 - -12)
23
Calculate (-13 - -3 - (-13 - (4 + -13))) + -51.
-57
(10 - (4 - 5)) + 30 + -46 - (2 + -58)
51
What is the value of 37 + (90 + -117 - -107)?
117
Evaluate -5 - 2 - (1 + -4 + 0 + -13).
9
Evaluate 48 - (55 - (-15 - -55)).
33
What is -10 + ((2 + 9 - -8) + -8 + -10 - -38)?
29
(57 - 93 - (-8 - 3)) + 7 + (-7 - 1)
-26
(-146 - -121) + -9 + 4
-30
-13 + -30 + 80 + (30 - -4)
71
Evaluate -32 + -7 + -1 + (0 - 5) + 0.
-45
What is the value of -21 - (-3 + 60 + (-18 - -10))?
-70
-68 + 139 - -19 - (-4 + -12)
106
What is 20 + (45 - 8) + -2?
55
Evaluate 22 - 12 - 12 - 60.
-62
What is the value of (35 - 1) + (-279 + 301 - (6 - -2))?
48
What is the value of 956 - 923 - (1 - -88)?
-56
Evaluate -1 - (-3 - -91 - (22 + 12 + -25)).
-80
What is the value of -8 - -104 - 19 - 23?
54
49 - (25 + (39 - 65))
50
What is (216 - 103) + -113 + 9 + 3 + (77 - 0)?
89
Evaluate 2 + 0 + 2 - ((-7 - 9) + 24 + 4).
-8
What is the value of 38 - (-11 + 11 - -22) - 86 - (0 - -1)?
-71
Calculate 1 - -14 - (26 + (-29 - (-8 + -2))).
8
Evaluate 34 - (29 + (36 - 25)).
-6
What is the value of -7 + (-84 - -107) + -6 + 4?
14
What is (-82 - -57) + 17 + 1 + 101?
94
What is -1 + 149 + -33 + -1 + 0 + (17799 - 17768)?
145
What is the value of 48 - (25 + -29 + 35)?
17
What is 78 + 14 + 1 + -64?
29
-10 + -2 + -42 + 20 + 41
7
Calculate 40 - (-5 + (-12 - 0) + 62 + -46).
41
What is the value of 33 + -93 + 54 + (2 - (-22 - (6 + -2)))?
22
What is (-3 - -47) + 40 - 153?
-69
What is the value of -14 - (-15 + 17) - 5?
-21
Evaluate (19 - 0 - 11) + (-9 + 4 - -5) + 42.
50
0 - 14 - (-14 + (-70 + 67 - (0 - 1)))
2
-15 + -19 + 25 - (-77 - 2)
70
Evaluate (-14 - 5) + 3 + 352 + -365.
-29
What is (9 - (-71 - -37 - -26 - (2 + -22))) + -18?
-21
Calculate -13 + 4 - (12 - (1 + -3 - -3)).
-20
What is the value of 68 - 72 - 59 - -118?
55
Calculate 87 - (-15 - (-101 + 61)).
62
Evaluate 51 + -69 + 26 + 46.
54
Calculate 16 - (41 - (-51 + 35)).
-41
What is -106 + (173 - 79) + 3 + -4?
-13
Calculate 10 - (42 + -5 + -46).
19
Calculate 47 + (-4 - (-19 - -24)).
38
2 + 1 + -26 + (30 - ((-43 - -74) + 9))
-33
What is (-2 - (7 - 4) - 3) + -438 + 384?
-62
Evaluate (22 - 20 - (-10 + 8 + 42)) + -15.
-53
What is 2 - (27 - 39) - -26?
40
Evaluate (3 - 0) + (-41 - 26) - -7 - -2 - -10.
-45
Calculate (-36 - -24) + (6 - ((7 - (-9 + 7)) + -23)).
8
Calculate -44 + -29 + 37 - -30.
-6
What is 3 + 79 - (-1118 + 1140)?
60
What is 4 + 3 + 42 + 102 + -113 + -13?
25
Calculate (-7 - 33 - -5) + -10 + (6 + -5 - -5).
-39
(2 - 41) + (145 - 152 - (-1 + -15))
-30
Calculate -13 - (1 - 3) - (-232 - -187).
34
What is the value of 48 + 27 + -41 + -68?
-34
(0 - -1 - 4) + -2 + (28 + 11 - 83)
-49
-6 - -8 - ((4 - -22) + (-4 - 1) + 1)
-20
What is the value of -1 + -20 + -12 + 8 + -18?
-43
What is the value of -1 + -8 - (-29 - (-24 - -9)) - (6 - 34)?
33
Evaluate ((-6 - 81) + (-14 - -30) - 9) + 17.
-63
(-277 + 293 - (51 + -1)) + -8
-42
Evaluate 39 - (26 + -7 - -5) - -24.
39
What is the value of -74 + -80 + 28 + 92?
-34
What is the value of (-168 - -49) + 69 - -90?
40
Calculate 15 + -3 + -105 + -5 + 5 + -10 + 20.
-83
Calculate -16 + (-2 - (13 + -7 + -14)).
-10
Evaluate 3 + -4 - 86 - (1645 - 1668).
-64
What is -8716 + 8782 - (96 + -2)?
-28
Calculate -5 + (11 - 1 - (-7 + (23 - 18) - -51)).
-44
What is the value of -11 + -2 - -12 - (12 + -33 + 58)?
-38
What is the value of -11 - (56 + 11 + -32 + -108)?
62
Calculate -6 + 59 + (-6 - (8 + -12)) + -18.
33
What is the value of (1 - 6) + (2 - -10) - (173 - 159)?
-7
What is -18 - -1 - (-556 - -519)?
20
What is the value of 40 - (14 + (-35 - -60))?
1
What is the value of (-8902 - -8883) + (52 - 0)?
33
Calculate (0 - -11) + -56 + -11 - (2 + -7).
-51
Evaluate 51 - (86 - (51 + -54)).
-38
Calculate -43 + -2 + 5 + (27 - 22).
-35
What is the value of -20 + (-32 - -68 - (-6 + 13))?
9
Calculate -18 + 34 + 0 + 10.
26
-7 + -16 + -9 + -79 + 32
-79
Calculate -58 + 71 + -38 + 22.
-3
Calculate -18 + -6 + (2 + 2 - (3 - 27 - -31)).
-27
Evaluate 12 - -2 - (-146 + -12 + 95).
77
What is the value of -4 - (55 - (2 - (-5 - (1 + 2))))?
-49
What is the value of 49 - (-3 + 1 - 0) - (63 - (-38 - -108))?
58
117 + (-29 - 20 - 18)
50
Calculate -23 - (5 + -1 + (-833 - -820)).
-14
What is -2 + -16 - (-57 + 63 + -19) - 46?
-51
What is 86 - (-23 + 52 - -19)?
38
10 - -4 - -7 - 11 - 67
-57
Evaluate -25 - 35 - (0 - (2 + 9)).
-49
What is 8 - (-1 + (6 - 0) + 26 + -33) - 38?
-28
Evaluate -69 - (11 + -73) - (2 + -8 + -1).
0
Evaluate 51 + (-3 - -4) + 10 + 1 + 14.
77
Evaluate -14 - (7 + 1 + 9 + (-43 - -23) - 7).
-4
Evaluate -9 - ((0 - 0) + 2 + 21 + -74).
42
Calculate (71 - (14 + (-16 - -5))) + 37.
105
Calculate 10 + (31 - (-15 - -53)) + -12 + (2 - 3).
-10
-22 - (12 + (9 - -22 - -1))
-66
What is the value of -94 + 1 - (199 - (166 - -48))?
-78
Evaluate -54 - ((11 - -2) + -1 - 9) - (-13 - -11).
-55
Calculate (-2 - 0) + 2 - (-234 + 239).
-5
Calculate -8 - ((3 - -6) + 0 + (-8 + -6 - 22)).
19
88 + (-69 - 52) + 64
31
What is the value of -103 + 153 - 55 - -80?
75
What is -2 + (8 - (3 + -29))?
32
Evaluate -48 + (1 - 6) + (-18 - (-10 - -2)) + -13.
-76
What is -18 + -2 + 14 + 2 + 0?
-4
What is (-8 - (12 + -8)) + (1 - -1) + 11?
1
Evaluate 0 + 11 - (64 + (-109 - -34)).
22
Evaluate (-2 - 6) + -2 + 8 + (14 - 0) + 15.
27
Evaluate -6 + -9 - -45 - (-2 - (4 + 6 - 7)).
35
Evaluate -4 + -8 + 14